552
Calculate the remainder when 9856884 is divided by 1971374.
14
What is the remainder when 533049 is divided by 1771?
1749
What is the remainder when 540295 is divided by 135071?
11
What is the remainder when 2040554 is divided by 408110?
4
Calculate the remainder when 66538 is divided by 4414.
328
What is the remainder when 141907 is divided by 3709?
965
Calculate the remainder when 1604742 is divided by 1072.
1030
Calculate the remainder when 69125 is divided by 378.
329
Calculate the remainder when 1422289 is divided by 21875.
414
What is the remainder when 2575294 is divided by 10141?
9621
What is the remainder when 17025315 is divided by 10356?
51
Calculate the remainder when 1717552 is divided by 572362.
466
Calculate the remainder when 16060 is divided by 7496.
1068
Calculate the remainder when 27062 is divided by 4479.
188
What is the remainder when 30115599 is divided by 207?
204
Calculate the remainder when 1620671 is divided by 1637.
41
What is the remainder when 5064261 is divided by 928?
165
What is the remainder when 313348 is divided by 39168?
4
Calculate the remainder when 2358425 is divided by 87340.
245
Calculate the remainder when 3256 is divided by 859.
679
Calculate the remainder when 98865859 is divided by 30857.
31
What is the remainder when 6441486 is divided by 3220735?
16
Calculate the remainder when 26645931 is divided by 68.
63
Calculate the remainder when 3732163 is divided by 4834.
315
What is the remainder when 1159035 is divided by 27595?
45
What is the remainder when 688368678 is divided by 40?
38
What is the remainder when 19021 is divided by 532?
401
Calculate the remainder when 25297280 is divided by 3549.
8
Calculate the remainder when 12236367 is divided by 3059089.
11
What is the remainder when 84162378 is divided by 4?
2
Calculate the remainder when 5930 is divided by 88.
34
Calculate the remainder when 6561801 is divided by 6561786.
15
What is the remainder when 577658 is divided by 576872?
786
What is the remainder when 1776049 is divided by 1776032?
17
Calculate the remainder when 1879675774 is divided by 1056.
1054
What is the remainder when 29109694 is divided by 7277423?
2
Calculate the remainder when 514384 is divided by 138.
58
Calculate the remainder when 180308 is divided by 71.
39
What is the remainder when 13307 is divided by 6536?
235
What is the remainder when 683510 is divided by 2932?
354
Calculate the remainder when 695431 is divided by 182.
9
Calculate the remainder when 523706 is divided by 10.
6
Calculate the remainder when 631789 is divided by 631785.
4
Calculate the remainder when 2994819 is divided by 2994768.
51
Calculate the remainder when 183012293 is divided by 167.
166
What is the remainder when 69275 is divided by 1742?
1337
Calculate the remainder when 319950 is divided by 1315.
405
What is the remainder when 2190352 is divided by 15425?
2
What is the remainder when 672940 is divided by 15?
10
What is the remainder when 176492 is divided by 2212?
1744
Calculate the remainder when 5090965 is divided by 498.
409
Calculate the remainder when 163585654 is divided by 648.
646
Calculate the remainder when 53368518 is divided by 1503.
1497
Calculate the remainder when 3142627 is divided by 628459.
332
What is the remainder when 32929395 is divided by 8232306?
171
What is the remainder when 13516791 is divided by 2767?
2763
Calculate the remainder when 149735422 is divided by 245.
242
What is the remainder when 1095994 is divided by 2995?
2819
Calculate the remainder when 925019 is divided by 36936.
1619
Calculate the remainder when 1833526895 is divided by 411.
410
Calculate the remainder when 78577 is divided by 17995.
6597
What is the remainder when 1451735 is divided by 812?
691
Calculate the remainder when 7745822 is divided by 69159.
14
Calculate the remainder when 1832743 is divided by 458118.
271
Calculate the remainder when 294112782 is divided by 113.
111
Calculate the remainder when 15852199 is divided by 520.
519
Calculate the remainder when 171859 is divided by 4403.
142
What is the remainder when 169506 is divided by 537?
351
Calculate the remainder when 18588 is divided by 18393.
195
What is the remainder when 6903521 is divided by 460234?
11
Calculate the remainder when 452994933 is divided by 697.
693
Calculate the remainder when 1284986 is divided by 606.
266
What is the remainder when 6925903 is divided by 189?
187
Calculate the remainder when 87163 is divided by 17427.
28
What is the remainder when 95321688 is divided by 31773896?
0
What is the remainder when 272422 is divided by 510?
82
What is the remainder when 140424733 is divided by 1815?
1813
What is the remainder when 346005 is divided by 11480?
1605
What is the remainder when 205458 is divided by 1291?
189
Calculate the remainder when 1040699 is divided by 519305.
2089
Calculate the remainder when 4175020 is divided by 1122.
58
Calculate the remainder when 817887313 is divided by 46.
45
What is the remainder when 38710 is divided by 6389?
376
What is the remainder when 3794020 is divided by 34491?
10
What is the remainder when 4112249 is divided by 1639?
1637
What is the remainder when 528313 is divided by 131260?
3273
Calculate the remainder when 2239350 is divided by 93.
3
What is the remainder when 459550 is divided by 383?
333
What is the remainder when 14402396 is divided by 1360?
1356
Calculate the remainder when 183344 is divided by 254.
210
Calculate the remainder when 5564447 is divided by 19320.
287
Calculate the remainder when 880466 is divided by 218.
182
Calculate the remainder when 467422 is divided by 285.
22
What is the remainder when 59892 is divided by 2905?
1792
Calculate the remainder when 1141209 is divided by 193.
0
Calculate the remainder when 220958 is divided by 479.
139
What is the remainder when 11513527 is divided by 90?
7
What is the remainder when 8587610 is divided by 477089?
8
What is the remainder when 1843738 is divided by 1843707?
31
Calculate the remainder when 836118 is divided by 418057.
4
Calculate the remainder when 757357 is divided by 658.
657
What is the remainder when 3079962 is divided by 571?
559
What is the remainder when 16319 is divided by 5116?
971
Calculate the remainder when 14287323 is divided by 1783.
144
Calculate the remainder when 820455 is divided by 141.
117
What is the remainder when 28660546 is divided by 177?
175
Calculate the remainder when 3432348 is divided by 950.
948
Calculate the remainder when 787063 is divided by 4.
3
What is the remainder when 31179156 is divided by 327?
33
What is the remainder when 5073915 is divided by 335?
5
Calculate the remainder when 244147694 is divided by 1027.
11
Calculate the remainder when 103000409 is divided by 30.
29
Calculate the remainder when 133563 is divided by 462.
45
Calculate the remainder when 223674 is divided by 31275.
4749
What is the remainder when 222857972 is divided by 12?
8
What is the remainder when 1211269 is divided by 63751?
0
Calculate the remainder when 4261809 is divided by 760.
489
What is the remainder when 696602 is divided by 30287?
1
Calculate the remainder when 1525427 is divided by 10898.
10605
Calculate the remainder when 106312 is divided by 13208.
648
Calculate the remainder when 701540 is divided by 390.
320
Calculate the remainder when 5520883 is divided by 5975.
5958
Calculate the remainder when 498032 is divided by 35550.
332
What is the remainder when 57685 is divided by 320?
85
Calculate the remainder when 162635530 is divided by 5141.
5136
What is the remainder when 17972640 is divided by 5990735?
435
What is the remainder when 164932 is divided by 12684?
40
Calculate the remainder when 31660 is divided by 202.
148
Calculate the remainder when 3663780 is divided by 227.
0
What is the remainder when 28414096 is divided by 14207040?
16
Calculate the remainder when 1536595 is divided by 153658.
15
Calculate the remainder when 1186657 is divided by 1506.
1435
What is the remainder when 245085 is divided by 89?
68
Calculate the remainder when 2189815 is divided by 224.
215
Calculate the remainder when 749250 is divided by 3173.
422
What is the remainder when 7232707 is divided by 42?
13
What is the remainder when 2199504 is divided by 107?
12
Calculate the rema